by 9.
7
What is the remainder when 14825 is divided by 2?
1
What is the remainder when 7866 is divided by 59?
19
What is the remainder when 168320 is divided by 53?
45
Calculate the remainder when 372105 is divided by 307.
21
What is the remainder when 79418 is divided by 183?
179
What is the remainder when 301460 is divided by 158?
154
Calculate the remainder when 29832 is divided by 351.
348
What is the remainder when 28284 is divided by 544?
540
What is the remainder when 62888 is divided by 1210?
1178
What is the remainder when 8677 is divided by 53?
38
What is the remainder when 517882 is divided by 128?
122
Calculate the remainder when 18487 is divided by 4604.
71
What is the remainder when 17274 is divided by 297?
48
What is the remainder when 1532465 is divided by 18?
17
Calculate the remainder when 1254 is divided by 803.
451
Calculate the remainder when 53068 is divided by 8826.
112
Calculate the remainder when 725364 is divided by 4292.
16
Calculate the remainder when 3177 is divided by 353.
0
What is the remainder when 160915 is divided by 447?
442
What is the remainder when 18932 is divided by 6260?
152
What is the remainder when 210065 is divided by 105029?
7
What is the remainder when 30111 is divided by 351?
276
Calculate the remainder when 500755 is divided by 20.
15
What is the remainder when 720 is divided by 19?
17
Calculate the remainder when 1083 is divided by 622.
461
Calculate the remainder when 8318589 is divided by 128.
125
What is the remainder when 58557 is divided by 2091?
9
What is the remainder when 307 is divided by 39?
34
Calculate the remainder when 17004 is divided by 654.
0
What is the remainder when 8240 is divided by 434?
428
Calculate the remainder when 13017 is divided by 64.
25
What is the remainder when 1305258 is divided by 3?
0
Calculate the remainder when 34891 is divided by 828.
115
What is the remainder when 1032 is divided by 317?
81
What is the remainder when 61071 is divided by 4697?
10
What is the remainder when 4759 is divided by 69?
67
Calculate the remainder when 22570 is divided by 752.
10
What is the remainder when 14724 is divided by 299?
73
What is the remainder when 3503942 is divided by 5?
2
What is the remainder when 24099 is divided by 46?
41
What is the remainder when 4132 is divided by 459?
1
Calculate the remainder when 2227 is divided by 131.
0
Calculate the remainder when 3475 is divided by 29.
24
Calculate the remainder when 120363 is divided by 32.
11
What is the remainder when 6781 is divided by 92?
65
Calculate the remainder when 9211 is divided by 106.
95
Calculate the remainder when 830 is divided by 209.
203
What is the remainder when 13919 is divided by 4528?
335
What is the remainder when 13890 is divided by 8?
2
What is the remainder when 54588 is divided by 1826?
1634
Calculate the remainder when 17705 is divided by 148.
93
What is the remainder when 15666 is divided by 392?
378
What is the remainder when 68710 is divided by 34?
30
What is the remainder when 1371 is divided by 1329?
42
Calculate the remainder when 65391 is divided by 136.
111
What is the remainder when 200410 is divided by 200370?
40
What is the remainder when 2622 is divided by 498?
132
What is the remainder when 9556 is divided by 281?
2
What is the remainder when 13444 is divided by 228?
220
Calculate the remainder when 38352 is divided by 172.
168
Calculate the remainder when 1238937 is divided by 2653.
2639
What is the remainder when 2695101 is divided by 36?
33
Calculate the remainder when 1250 is divided by 13.
2
What is the remainder when 12507 is divided by 1131?
66
What is the remainder when 2982 is divided by 71?
0
Calculate the remainder when 5837 is divided by 59.
55
What is the remainder when 14040 is divided by 18?
0
What is the remainder when 83954 is divided by 556?
554
Calculate the remainder when 401984 is divided by 139.
135
Calculate the remainder when 2218921 is divided by 25.
21
What is the remainder when 15563 is divided by 56?
51
Calculate the remainder when 76631 is divided by 309.
308
What is the remainder when 328 is divided by 34?
22
Calculate the remainder when 1228 is divided by 142.
92
What is the remainder when 1441 is divided by 716?
9
What is the remainder when 27518 is divided by 1310?
8
Calculate the remainder when 14313 is divided by 4612.
477
What is the remainder when 441 is divided by 135?
36
What is the remainder when 39036 is divided by 369?
291
Calculate the remainder when 2092 is divided by 564.
400
What is the remainder when 22172 is divided by 8?
4
Calculate the remainder when 54415 is divided by 3.
1
What is the remainder when 2552 is divided by 195?
17
Calculate the remainder when 76690 is divided by 77.
75
What is the remainder when 142875 is divided by 5?
0
Calculate the remainder when 2462 is divided by 952.
558
What is the remainder when 48252 is divided by 4824?
12
What is the remainder when 1594 is divided by 405?
379
What is the remainder when 28395 is divided by 9460?
15
What is the remainder when 3862 is divided by 1864?
134
What is the remainder when 5892 is divided by 12?
0
Calculate the remainder when 42326 is divided by 15.
11
What is the remainder when 1159878 is divided by 86?
82
What is the remainder when 1597713 is divided by 955?
953
What is the remainder when 5811 is divided by 646?
643
What is the remainder when 66610 is divided by 732?
730
What is the remainder when 17429 is divided by 1190?
769
What is the remainder when 147836 is divided by 147823?
13
What is the remainder when 2376832 is divided by 534?
532
Calculate the remainder when 2371 is divided by 600.
571
Calculate the remainder when 57649 is divided by 5763.
19
What is the remainder when 7164 is divided by 81?
36
What is the remainder when 898 is divided by 113?
107
Calculate the remainder when 16864 is divided by 105.
64
What is the remainder when 27141 is divided by 603?
6
What is the remainder when 43098 is divided by 169?
3
What is the remainder when 149606 is divided by 472?
454
Calculate the remainder when 142856 is divided by 30.
26
What is the remainder when 1359 is divided by 6?
3
What is the remainder when 5276 is divided by 121?
73
Calculate the remainder when 37983 is divided by 78.
75
Calculate the remainder when 515 is divided by 122.
27
Calculate the remainder when 3077 is divided by 2720.
357
What is the remainder when 180483 is divided by 45119?
7
What is the remainder when 10047 is divided by 773?
771
Calculate the remainder when 13182 is divided by 278.
116
What is the remainder when 5873038 is divided by 17?
14
What is the remainder when 37346 is divided by 9?
5
What is the remainder when 88294 is divided by 81?
4
What is the remainder when 131628 is divided by 170?
48
Calculate the remainder when 1115436 is divided by 278857.
8
Calculate the remainder when 332 is divided by 35.
17
Calculate the remainder when 97379 is divided by 43.
27
What is the remainder when 2421 is divided by 1044?
333
What is the remainder when 650 is divided by 31?
30
Calculate the remainder when 122089 is divided by 114.
109
Calculate the remainder when 4430 is divided by 735.
20
Calculate the remainder when 1582397 is divided by 215.
212
Calculate the remainder when 2525 is divided by 743.
296
What is the remainder when 1500667 is divided by 10?
7
What is the remainder when 2205 is divided by 80?
45
Calculate the remainder when 20717 is divided by 20657.
60
What is the remainder when 9221 is divided by 162?
149
What is the remainder when 24964 is divided by 17?
8
Calculate the remainder when 15340 is divided by 7666.
8
Calculate the remainder when 94497 is divided by 277.
40
What is the remainder when 10995 is divided by 423?
420
Calculate the remainder when 4885 is divided by 257.
2
What is the remainder when 4918 is divided by 543?
31
What is the remainder when 16911 is divided by 196?
55
Calculate the remainder when 127865 is divided by 15977.
49
Calculate the remainder when 14631 is divided by 54.
51
What is the remainder when 1194 is divided by 226?
64
What is the remainder when 7411 is divided by 2410?
181
Calculate the remainder when 46113 is divided by 12.
9
Calculate the remainder when 95019 is divided by 31631.
126
What is the remainder when 2076 is divided b